{"id":3165,"date":"2025-12-10T00:20:10","date_gmt":"2025-12-09T23:20:10","guid":{"rendered":"http:\/\/temp.eurodental.sk\/?page_id=3165"},"modified":"2026-02-16T14:26:14","modified_gmt":"2026-02-16T13:26:14","slug":"protezy","status":"publish","type":"page","link":"https:\/\/www.eurodental.sk\/?page_id=3165","title":{"rendered":"Prot\u00e9zy"},"content":{"rendered":"<div id=\"pl-gb3165-69f4a938f173a\"  class=\"panel-layout\" ><div id=\"pg-gb3165-69f4a938f173a-0\"  class=\"panel-grid panel-has-style\" ><div class=\"divider-no-animation tablet-default mobile-default desktop-default custom panel-row-style panel-row-style-for-gb3165-69f4a938f173a-0\" ><div id=\"pgc-gb3165-69f4a938f173a-0-0\"  class=\"panel-grid-cell\" ><div id=\"panel-gb3165-69f4a938f173a-0-0-0\" class=\"so-panel widget widget_text panel-first-child panel-last-child\" data-index=\"0\" ><div class=\"orion custom default panel-widget-style panel-widget-style-for-gb3165-69f4a938f173a-0-0-0\" >\t\t\t<div class=\"textwidget\"><h2><b>Umel\u00e9 zuby (zubn\u00e9 prot\u00e9zy)<\/b><\/h2>\n<p class=\"p3\">Zubn\u00e9 prot\u00e9zy s\u00fa <span class=\"s2\"><b>vyberate\u013en\u00e9 n\u00e1hrady<\/b><\/span>, ktor\u00e9 sl\u00fa\u017eia na \u010diasto\u010dn\u00fa alebo \u00fapln\u00fa n\u00e1hradu ch\u00fdbaj\u00facich zubov. Pom\u00e1haj\u00fa obnovi\u0165 <span class=\"s2\"><b>funkciu \u017euvania, re\u010d aj estetiku \u00fasmevu<\/b><\/span> a v\u00fdrazne zlep\u0161uj\u00fa kvalitu \u017eivota pacienta.<\/p>\n<p class=\"p3\">Prot\u00e9zy sa naj\u010dastej\u0161ie vyr\u00e1baj\u00fa:<\/p>\n<ul>\n<li>\n<p class=\"p1\"><span class=\"s1\">z <\/span><b>plastov\u00fdch materi\u00e1lov<\/b><span class=\"s1\">,<\/span><\/p>\n<\/li>\n<li>\n<p class=\"p1\">alebo z kombin\u00e1cie <span class=\"s1\"><b>plast + kov<\/b><\/span> (napr. chr\u00f3m, kobalt), ktor\u00e9 zvy\u0161uj\u00fa stabilitu a odolnos\u0165.<\/p>\n<\/li>\n<\/ul>\n<p>&nbsp;<\/p>\n<h3><b>Typy zubn\u00fdch prot\u00e9z<\/b><\/h3>\n<p class=\"p3\">Existuje viacero sp\u00f4sobov, ako m\u00f4\u017ee by\u0165 prot\u00e9za v \u00fastach ukotven\u00e1. V\u00fdber vhodn\u00e9ho rie\u0161enia z\u00e1vis\u00ed od <span class=\"s2\"><b>stavu zost\u00e1vaj\u00facich zubov, \u010fasien a kosti<\/b><\/span> a v\u017edy si vy\u017eaduje individu\u00e1lne pos\u00fadenie zubn\u00fdm lek\u00e1rom.<\/p>\n<p class=\"p3\">V posledn\u00fdch rokoch s\u00fa ve\u013emi ob\u013e\u00faben\u00e9 aj <span class=\"s2\"><b>flexibiln\u00e9 (flexi) prot\u00e9zy<\/b><\/span>, ktor\u00e9:<\/p>\n<ul>\n<li>\n<p class=\"p1\">s\u00fa vyroben\u00e9 z elastick\u00e9ho materi\u00e1lu,<\/p>\n<\/li>\n<li>\n<p class=\"p1\">maj\u00fa nen\u00e1padn\u00e9 spony vo farbe zubov alebo \u010fasien,<\/p>\n<\/li>\n<li>\n<p class=\"p1\">p\u00f4sobia prirodzenej\u0161ie a komfortnej\u0161ie pri nosen\u00ed.<\/p>\n<\/li>\n<\/ul>\n<\/div>\n\t\t<\/div><\/div><\/div><div id=\"pgc-gb3165-69f4a938f173a-0-1\"  class=\"panel-grid-cell\" ><div class=\"custom panel-cell-style panel-cell-style-for-gb3165-69f4a938f173a-0-1\" ><div id=\"panel-gb3165-69f4a938f173a-0-1-0\" class=\"so-panel widget widget_orion_image_w panel-first-child panel-last-child\" data-index=\"1\" ><div class=\"orion custom default panel-widget-style panel-widget-style-for-gb3165-69f4a938f173a-0-1-0\" ><div\n\t\t\t\n\t\t\tclass=\"so-widget-orion_image_w so-widget-orion_image_w-base\"\n\t\t\t\n\t\t>\r\n<div class=\"image-w relative rounded\">\r\n\r\n\t\t\t\t\t\t\t<div class=\"orion_circle image-wrap rounded overlay-none overlay-hover-none\">\r\n\t\t\r\n\t\t\t\t<div class=\"circle-wrap\">\r\n\t\t\t\t\t<img loading=\"lazy\" decoding=\"async\" width=\"750\" height=\"750\" src=\"https:\/\/www.eurodental.sk\/wp-content\/uploads\/2026\/02\/image-2-750x750.png\" class=\"attachment-orion_square size-orion_square\" alt=\"\" \/>\t\t\t<div class=\"overlay\"><\/div>\r\n\t\t\t\t<\/div>\r\n\t\t\r\n\t\t\t\t\t<\/div>\r\n\t\t\t\r\n\t\r\n\t<div class=\"absolute\">\r\n\t\t<div class=\"hover-desc table-wrap\">\r\n\t\t\t<div class=\"cell-wrap\">\r\n\t\t\t\t<h4 class=\"text-light\"><\/h4>\r\n\t\t\t<\/div>\r\n\t\t<\/div>\r\n\t<\/div>\t\t\t\t\t\r\n<\/div>\r\n\r\n<\/div><\/div><\/div><\/div><\/div><\/div><\/div><\/div>","protected":false},"excerpt":{"rendered":"<p>Umel\u00e9 zuby (zubn\u00e9 prot\u00e9zy) Zubn\u00e9 prot\u00e9zy s\u00fa vyberate\u013en\u00e9 n\u00e1hrady, ktor\u00e9 sl\u00fa\u017eia na \u010diasto\u010dn\u00fa alebo \u00fapln\u00fa n\u00e1hradu ch\u00fdbaj\u00facich zubov. Pom\u00e1haj\u00fa obnovi\u0165 funkciu \u017euvania, re\u010d aj estetiku \u00fasmevu a v\u00fdrazne zlep\u0161uj\u00fa kvalitu \u017eivota pacienta. Prot\u00e9zy sa naj\u010dastej\u0161ie vyr\u00e1baj\u00fa: z plastov\u00fdch materi\u00e1lov, alebo z kombin\u00e1cie plast + kov (napr. chr\u00f3m, kobalt), ktor\u00e9 zvy\u0161uj\u00fa stabilitu a odolnos\u0165. &nbsp; Typy<\/p>\n","protected":false},"author":1,"featured_media":0,"parent":0,"menu_order":0,"comment_status":"closed","ping_status":"closed","template":"","meta":{"footnotes":""},"class_list":["post-3165","page","type-page","status-publish","hentry"],"_links":{"self":[{"href":"https:\/\/www.eurodental.sk\/index.php?rest_route=\/wp\/v2\/pages\/3165","targetHints":{"allow":["GET"]}}],"collection":[{"href":"https:\/\/www.eurodental.sk\/index.php?rest_route=\/wp\/v2\/pages"}],"about":[{"href":"https:\/\/www.eurodental.sk\/index.php?rest_route=\/wp\/v2\/types\/page"}],"author":[{"embeddable":true,"href":"https:\/\/www.eurodental.sk\/index.php?rest_route=\/wp\/v2\/users\/1"}],"replies":[{"embeddable":true,"href":"https:\/\/www.eurodental.sk\/index.php?rest_route=%2Fwp%2Fv2%2Fcomments&post=3165"}],"version-history":[{"count":4,"href":"https:\/\/www.eurodental.sk\/index.php?rest_route=\/wp\/v2\/pages\/3165\/revisions"}],"predecessor-version":[{"id":3464,"href":"https:\/\/www.eurodental.sk\/index.php?rest_route=\/wp\/v2\/pages\/3165\/revisions\/3464"}],"wp:attachment":[{"href":"https:\/\/www.eurodental.sk\/index.php?rest_route=%2Fwp%2Fv2%2Fmedia&parent=3165"}],"curies":[{"name":"wp","href":"https:\/\/api.w.org\/{rel}","templated":true}]}}