{"id":3144,"date":"2025-12-10T00:14:28","date_gmt":"2025-12-09T23:14:28","guid":{"rendered":"http:\/\/temp.eurodental.sk\/?page_id=3144"},"modified":"2026-02-16T14:48:46","modified_gmt":"2026-02-16T13:48:46","slug":"korenove-kanaliky","status":"publish","type":"page","link":"https:\/\/www.eurodental.sk\/?page_id=3144","title":{"rendered":"Kore\u0148ov\u00e9 kan\u00e1liky"},"content":{"rendered":"<div id=\"pl-gb3144-69f4a8bf8a325\"  class=\"panel-layout\" ><div id=\"pg-gb3144-69f4a8bf8a325-0\"  class=\"panel-grid panel-has-style\" ><div class=\"divider-no-animation tablet-default mobile-default desktop-default custom panel-row-style panel-row-style-for-gb3144-69f4a8bf8a325-0\" ><div id=\"pgc-gb3144-69f4a8bf8a325-0-0\"  class=\"panel-grid-cell\" ><div id=\"panel-gb3144-69f4a8bf8a325-0-0-0\" class=\"so-panel widget widget_text panel-first-child panel-last-child\" data-index=\"0\" ><div class=\"orion custom default panel-widget-style panel-widget-style-for-gb3144-69f4a8bf8a325-0-0-0\" >\t\t\t<div class=\"textwidget\"><h2><b>Endodoncia zubov (o\u0161etrenie kore\u0148ov\u00fdch kan\u00e1likov)<\/b><\/h2>\n<p class=\"p3\">Endodontick\u00e9 o\u0161etrenie, zn\u00e1me aj ako <span class=\"s2\"><b>o\u0161etrenie kore\u0148ov\u00fdch kan\u00e1likov<\/b><\/span>, je potrebn\u00e9 vtedy, ke\u010f je zubn\u00fd nerv po\u0161koden\u00fd z\u00e1palom alebo infekciou v d\u00f4sledku hlbok\u00e9ho kazu \u010di \u00farazu. Nelie\u010den\u00fd z\u00e1pal m\u00f4\u017ee vies\u0165 k siln\u00fdm bolestiam, vzniku abscesu a v krajnom pr\u00edpade a\u017e k strate zuba.<\/p>\n<p class=\"p3\">Cie\u013eom endodoncie je <span class=\"s2\"><b>odstr\u00e1ni\u0165 infikovan\u00e9 tkanivo z kore\u0148ov\u00fdch kan\u00e1likov<\/b><\/span>, d\u00f4kladne ich vydezinfikova\u0165 a n\u00e1sledne hermeticky uzavrie\u0165, aby sa zabr\u00e1nilo opakovanej infekcii.<\/p>\n<h3><\/h3>\n<h3><b>Ako prebieha endodontick\u00e9 o\u0161etrenie<\/b><\/h3>\n<ul>\n<li>\n<p class=\"p1\">RTG vy\u0161etrenie na pos\u00fadenie stavu kore\u0148ov a okolit\u00e9ho tkaniva<\/p>\n<\/li>\n<li>\n<p class=\"p1\">lok\u00e1lne znecitlivenie zuba<\/p>\n<\/li>\n<li>\n<p class=\"p1\">spr\u00edstupnenie kore\u0148ov\u00fdch kan\u00e1likov<\/p>\n<\/li>\n<li>\n<p class=\"p1\">odstr\u00e1nenie infikovan\u00e9ho nervov\u00e9ho tkaniva jemn\u00fdmi n\u00e1strojmi<\/p>\n<\/li>\n<li>\n<p class=\"p1\">dezinfekcia kan\u00e1likov (niekedy vo viacer\u00fdch n\u00e1v\u0161tev\u00e1ch)<\/p>\n<\/li>\n<li>\n<p class=\"p1\">trval\u00e9 zaplnenie kore\u0148ov\u00fdch kan\u00e1likov a rekon\u0161trukcia zuba v\u00fdpl\u0148ou<\/p>\n<\/li>\n<\/ul>\n<p class=\"p3\">Po o\u0161etren\u00ed sa m\u00f4\u017ee objavi\u0165 <span class=\"s2\"><b>mierna citlivos\u0165 alebo tlak<\/b><\/span>, ktor\u00e1 zvy\u010dajne ust\u00fapi do 48 hod\u00edn.<\/p>\n<h3><b>V\u00fdhody endodoncie<\/b><\/h3>\n<ul>\n<li>\n<p class=\"p1\">odstr\u00e1nenie bolesti a z\u00e1palu<\/p>\n<\/li>\n<li>\n<p class=\"p1\">zachovanie vlastn\u00e9ho zuba<\/p>\n<\/li>\n<li>\n<p class=\"p1\">pred\u013a\u017eenie jeho \u017eivotnosti<\/p>\n<\/li>\n<li>\n<p class=\"p1\">vo v\u00e4\u010d\u0161ine pr\u00edpadov \u00faspe\u0161n\u00e9 rie\u0161enie bez nutnosti extrakcie<\/p>\n<\/li>\n<\/ul>\n<p>&nbsp;<\/p>\n<h3><b>Mo\u017en\u00e9 rizik\u00e1<\/b><\/h3>\n<p class=\"p3\">Endodonticky o\u0161etren\u00fd zub je oslaben\u00fd a m\u00f4\u017ee by\u0165 n\u00e1chylnej\u0161\u00ed na po\u0161kodenie. V niektor\u00fdch pr\u00edpadoch m\u00f4\u017ee d\u00f4js\u0165 k opakovanej infekcii alebo k potrebe \u010fal\u0161ieho o\u0161etrenia. V\u0161etky rizik\u00e1 a mo\u017enosti rie\u0161enia v\u00e1m lek\u00e1r <span class=\"s2\"><b>vysvetl\u00ed e\u0161te pred z\u00e1krokom<\/b><\/span>.<\/p>\n<h3><b>Cena<\/b><\/h3>\n<p class=\"p3\">Cena endodontick\u00e9ho o\u0161etrenia z\u00e1vis\u00ed od:<\/p>\n<ul>\n<li>\n<p class=\"p1\">typu zuba<\/p>\n<\/li>\n<li>\n<p class=\"p1\">po\u010dtu kore\u0148ov\u00fdch kan\u00e1likov<\/p>\n<\/li>\n<li>\n<p class=\"p1\">n\u00e1ro\u010dnosti z\u00e1kroku<\/p>\n<\/li>\n<\/ul>\n<\/div>\n\t\t<\/div><\/div><\/div><div id=\"pgc-gb3144-69f4a8bf8a325-0-1\"  class=\"panel-grid-cell\" ><div id=\"panel-gb3144-69f4a8bf8a325-0-1-0\" class=\"so-panel widget widget_orion_image_w panel-first-child panel-last-child\" data-index=\"1\" ><div class=\"orion custom default panel-widget-style panel-widget-style-for-gb3144-69f4a8bf8a325-0-1-0\" ><div\n\t\t\t\n\t\t\tclass=\"so-widget-orion_image_w so-widget-orion_image_w-base\"\n\t\t\t\n\t\t>\r\n<div class=\"image-w relative rounded\">\r\n\r\n\t\t\t\t\t\t\t<div class=\"orion_circle image-wrap rounded overlay-none overlay-hover-none\">\r\n\t\t\r\n\t\t\t\t<div class=\"circle-wrap\">\r\n\t\t\t\t\t<img loading=\"lazy\" decoding=\"async\" width=\"750\" height=\"750\" src=\"https:\/\/www.eurodental.sk\/wp-content\/uploads\/2026\/02\/image-8-e1771249719259-750x750.png\" class=\"attachment-orion_square size-orion_square\" alt=\"\" \/>\t\t\t<div class=\"overlay\"><\/div>\r\n\t\t\t\t<\/div>\r\n\t\t\r\n\t\t\t\t\t<\/div>\r\n\t\t\t\r\n\t\r\n\t<div class=\"absolute\">\r\n\t\t<div class=\"hover-desc table-wrap\">\r\n\t\t\t<div class=\"cell-wrap\">\r\n\t\t\t\t<h4 class=\"text-light\"><\/h4>\r\n\t\t\t<\/div>\r\n\t\t<\/div>\r\n\t<\/div>\t\t\t\t\t\r\n<\/div>\r\n\r\n<\/div><\/div><\/div><\/div><\/div><\/div><\/div>","protected":false},"excerpt":{"rendered":"<p>Endodoncia zubov (o\u0161etrenie kore\u0148ov\u00fdch kan\u00e1likov) Endodontick\u00e9 o\u0161etrenie, zn\u00e1me aj ako o\u0161etrenie kore\u0148ov\u00fdch kan\u00e1likov, je potrebn\u00e9 vtedy, ke\u010f je zubn\u00fd nerv po\u0161koden\u00fd z\u00e1palom alebo infekciou v d\u00f4sledku hlbok\u00e9ho kazu \u010di \u00farazu. Nelie\u010den\u00fd z\u00e1pal m\u00f4\u017ee vies\u0165 k siln\u00fdm bolestiam, vzniku abscesu a v krajnom pr\u00edpade a\u017e k strate zuba. Cie\u013eom endodoncie je odstr\u00e1ni\u0165 infikovan\u00e9 tkanivo z kore\u0148ov\u00fdch<\/p>\n","protected":false},"author":1,"featured_media":0,"parent":0,"menu_order":0,"comment_status":"closed","ping_status":"closed","template":"","meta":{"footnotes":""},"class_list":["post-3144","page","type-page","status-publish","hentry"],"_links":{"self":[{"href":"https:\/\/www.eurodental.sk\/index.php?rest_route=\/wp\/v2\/pages\/3144","targetHints":{"allow":["GET"]}}],"collection":[{"href":"https:\/\/www.eurodental.sk\/index.php?rest_route=\/wp\/v2\/pages"}],"about":[{"href":"https:\/\/www.eurodental.sk\/index.php?rest_route=\/wp\/v2\/types\/page"}],"author":[{"embeddable":true,"href":"https:\/\/www.eurodental.sk\/index.php?rest_route=\/wp\/v2\/users\/1"}],"replies":[{"embeddable":true,"href":"https:\/\/www.eurodental.sk\/index.php?rest_route=%2Fwp%2Fv2%2Fcomments&post=3144"}],"version-history":[{"count":5,"href":"https:\/\/www.eurodental.sk\/index.php?rest_route=\/wp\/v2\/pages\/3144\/revisions"}],"predecessor-version":[{"id":3479,"href":"https:\/\/www.eurodental.sk\/index.php?rest_route=\/wp\/v2\/pages\/3144\/revisions\/3479"}],"wp:attachment":[{"href":"https:\/\/www.eurodental.sk\/index.php?rest_route=%2Fwp%2Fv2%2Fmedia&parent=3144"}],"curies":[{"name":"wp","href":"https:\/\/api.w.org\/{rel}","templated":true}]}}