{"id":3134,"date":"2025-12-10T00:09:00","date_gmt":"2025-12-09T23:09:00","guid":{"rendered":"http:\/\/temp.eurodental.sk\/?page_id=3134"},"modified":"2026-02-19T10:23:14","modified_gmt":"2026-02-19T09:23:14","slug":"dentalna-hygiena","status":"publish","type":"page","link":"https:\/\/www.eurodental.sk\/?page_id=3134","title":{"rendered":"Dent\u00e1lna hygiena"},"content":{"rendered":"<div id=\"pl-gb3134-69f4b98d2a658\"  class=\"panel-layout\" ><div id=\"pg-gb3134-69f4b98d2a658-0\"  class=\"panel-grid panel-has-style\" ><div class=\"divider-no-animation tablet-default mobile-default desktop-default custom panel-row-style panel-row-style-for-gb3134-69f4b98d2a658-0\" ><div id=\"pgc-gb3134-69f4b98d2a658-0-0\"  class=\"panel-grid-cell\" ><div id=\"panel-gb3134-69f4b98d2a658-0-0-0\" class=\"so-panel widget widget_text panel-first-child panel-last-child\" data-index=\"0\" ><div class=\"orion custom default panel-widget-style panel-widget-style-for-gb3134-69f4b98d2a658-0-0-0\" >\t\t\t<div class=\"textwidget\"><h2><b>Dent\u00e1lna hygiena<\/b><\/h2>\n<p class=\"p3\">Dent\u00e1lna hygiena je <span class=\"s2\"><b>z\u00e1kladom zdrav\u00fdch zubov a \u010fasien<\/b><\/span>. Jej cie\u013eom je odstr\u00e1nenie zubn\u00e9ho povlaku, zubn\u00e9ho kame\u0148a a pigment\u00e1ci\u00ed, ktor\u00e9 vznikaj\u00fa vplyvom stravy, faj\u010denia \u010di nedostato\u010dnej \u00fastnej hygieny. Pravideln\u00e1 dent\u00e1lna hygiena v\u00fdrazne zni\u017euje riziko <span class=\"s2\"><b>zubn\u00e9ho kazu, z\u00e1palu \u010fasien a parodontit\u00eddy<\/b><\/span>.<\/p>\n<h3><b>\u010co zah\u0155\u0148a dent\u00e1lna hygiena<\/b><\/h3>\n<p class=\"p3\">O\u0161etrenie vykon\u00e1va dent\u00e1lna hygieni\u010dka \u00a0a zah\u0155\u0148a:<\/p>\n<ul>\n<li>\n<p class=\"p1\">odstr\u00e1nenie zubn\u00e9ho kame\u0148a ultrazvukom<\/p>\n<\/li>\n<li>\n<p class=\"p1\">odstr\u00e1nenie povlaku a pigment\u00e1ci\u00ed (k\u00e1vov\u00e9, \u010dajov\u00e9, nikot\u00ednov\u00e9 \u0161kvrny)<\/p>\n<\/li>\n<li>\n<p class=\"p1\">le\u0161tenie zubov pre hladk\u00fd povrch<\/p>\n<\/li>\n<li>\n<p class=\"p1\">fluorid\u00e1ciu na posilnenie zubnej skloviny<\/p>\n<\/li>\n<li>\n<p class=\"p1\">individu\u00e1lne poradenstvo v oblasti dom\u00e1cej \u00fastnej hygieny<\/p>\n<\/li>\n<\/ul>\n<p>&nbsp;<\/p>\n<h3><b>Pre koho je dent\u00e1lna hygiena vhodn\u00e1<\/b><\/h3>\n<p class=\"p3\">Dent\u00e1lna hygiena je vhodn\u00e1 <span class=\"s2\"><b>pre deti aj dospel\u00fdch<\/b><\/span>, vr\u00e1tane pacientov s:<\/p>\n<ul>\n<li>\n<p class=\"p1\">krv\u00e1caj\u00facimi \u010fasnami<\/p>\n<\/li>\n<li>\n<p class=\"p1\">paradent\u00f3zou<\/p>\n<\/li>\n<li>\n<p class=\"p1\">zubn\u00fdmi implant\u00e1tmi, korunkami alebo most\u00edkmi<\/p>\n<\/li>\n<\/ul>\n<h3><\/h3>\n<h3><b>Ako \u010dasto absolvova\u0165 dent\u00e1lnu hygienu<\/b><\/h3>\n<p class=\"p3\">Odpor\u00fa\u010da sa absolvova\u0165 dent\u00e1lnu hygienu <span class=\"s2\"><b>1\u20132\u00d7 ro\u010dne<\/b><\/span>, pri zv\u00fd\u0161enom riziku ochoren\u00ed \u010fasien aj \u010dastej\u0161ie \u2013 pod\u013ea odpor\u00fa\u010dania zubn\u00e9ho lek\u00e1ra alebo hygieni\u010dky.<\/p>\n<p class=\"p3\">Pravideln\u00e1 dent\u00e1lna hygiena pom\u00e1ha <span class=\"s2\"><b>pred\u013a\u017ei\u0165 \u017eivotnos\u0165 zubov, v\u00fdpln\u00ed, koruniek a implant\u00e1tov<\/b><\/span> a udr\u017ea\u0165 zdrav\u00fd a svie\u017ei \u00fasmev.<\/p>\n<\/div>\n\t\t<\/div><\/div><\/div><div id=\"pgc-gb3134-69f4b98d2a658-0-1\"  class=\"panel-grid-cell\" ><div id=\"panel-gb3134-69f4b98d2a658-0-1-0\" class=\"so-panel widget widget_orion_empty_space_w panel-first-child\" data-index=\"1\" ><div class=\"orion custom default panel-widget-style panel-widget-style-for-gb3134-69f4b98d2a658-0-1-0\" ><div\n\t\t\t\n\t\t\tclass=\"so-widget-orion_empty_space_w so-widget-orion_empty_space_w-base\"\n\t\t\t\n\t\t>\t<div class=\"row empty-space visible-lg visible-md visible-sm visible-xs\" style=\"height:65px;\">\r\n\t<\/div><\/div><\/div><\/div><div id=\"panel-gb3134-69f4b98d2a658-0-1-1\" class=\"so-panel widget widget_orion_image_w\" data-index=\"2\" ><div class=\"orion custom default panel-widget-style panel-widget-style-for-gb3134-69f4b98d2a658-0-1-1\" ><div\n\t\t\t\n\t\t\tclass=\"so-widget-orion_image_w so-widget-orion_image_w-base\"\n\t\t\t\n\t\t>\r\n<div class=\"image-w relative\">\r\n\r\n\t\t\t\t\t\t\t<div class=\"orion_carousel overlay-none overlay-hover-none\">\r\n\t\t\r\n\t\t\t\t\t<img loading=\"lazy\" decoding=\"async\" width=\"750\" height=\"500\" src=\"https:\/\/www.eurodental.sk\/wp-content\/uploads\/2026\/02\/WhatsApp-Image-2026-02-16-at-14.27.21-750x500.jpeg\" class=\"attachment-orion_carousel size-orion_carousel\" alt=\"\" \/>\t\t\t<div class=\"overlay\"><\/div>\r\n\t\t\r\n\t\t\t\t\t<\/div>\r\n\t\t\t\r\n\t\r\n\t<div class=\"absolute\">\r\n\t\t<div class=\"hover-desc table-wrap\">\r\n\t\t\t<div class=\"cell-wrap\">\r\n\t\t\t\t<h4 class=\"text-light\"><\/h4>\r\n\t\t\t<\/div>\r\n\t\t<\/div>\r\n\t<\/div>\t\t\t\t\t\r\n<\/div>\r\n\r\n<\/div><\/div><\/div><div id=\"panel-gb3134-69f4b98d2a658-0-1-2\" class=\"so-panel widget widget_orion_empty_space_w\" data-index=\"3\" ><div class=\"orion custom default panel-widget-style panel-widget-style-for-gb3134-69f4b98d2a658-0-1-2\" ><div\n\t\t\t\n\t\t\tclass=\"so-widget-orion_empty_space_w so-widget-orion_empty_space_w-base\"\n\t\t\t\n\t\t>\t<div class=\"row empty-space visible-lg visible-md visible-sm visible-xs\" style=\"height:100px;\">\r\n\t<\/div><\/div><\/div><\/div><div id=\"panel-gb3134-69f4b98d2a658-0-1-3\" class=\"so-panel widget widget_orion_image_w panel-last-child\" data-index=\"4\" ><div class=\"orion custom default panel-widget-style panel-widget-style-for-gb3134-69f4b98d2a658-0-1-3\" ><div\n\t\t\t\n\t\t\tclass=\"so-widget-orion_image_w so-widget-orion_image_w-base\"\n\t\t\t\n\t\t>\r\n<div class=\"image-w relative\">\r\n\r\n\t\t\t\t\t\t\t<div class=\"orion_carousel overlay-none overlay-hover-none\">\r\n\t\t\r\n\t\t\t\t\t<img loading=\"lazy\" decoding=\"async\" width=\"750\" height=\"500\" src=\"https:\/\/www.eurodental.sk\/wp-content\/uploads\/2026\/02\/WhatsApp-Image-2026-02-16-at-14.27.21-1-750x500.jpeg\" class=\"attachment-orion_carousel size-orion_carousel\" alt=\"\" \/>\t\t\t<div class=\"overlay\"><\/div>\r\n\t\t\r\n\t\t\t\t\t<\/div>\r\n\t\t\t\r\n\t\r\n\t<div class=\"absolute\">\r\n\t\t<div class=\"hover-desc table-wrap\">\r\n\t\t\t<div class=\"cell-wrap\">\r\n\t\t\t\t<h4 class=\"text-light\"><\/h4>\r\n\t\t\t<\/div>\r\n\t\t<\/div>\r\n\t<\/div>\t\t\t\t\t\r\n<\/div>\r\n\r\n<\/div><\/div><\/div><\/div><\/div><\/div><\/div>\n\n\n<p><\/p>\n","protected":false},"excerpt":{"rendered":"<p>Dent\u00e1lna hygiena Dent\u00e1lna hygiena je z\u00e1kladom zdrav\u00fdch zubov a \u010fasien. Jej cie\u013eom je odstr\u00e1nenie zubn\u00e9ho povlaku, zubn\u00e9ho kame\u0148a a pigment\u00e1ci\u00ed, ktor\u00e9 vznikaj\u00fa vplyvom stravy, faj\u010denia \u010di nedostato\u010dnej \u00fastnej hygieny. Pravideln\u00e1 dent\u00e1lna hygiena v\u00fdrazne zni\u017euje riziko zubn\u00e9ho kazu, z\u00e1palu \u010fasien a parodontit\u00eddy. \u010co zah\u0155\u0148a dent\u00e1lna hygiena O\u0161etrenie vykon\u00e1va dent\u00e1lna hygieni\u010dka \u00a0a zah\u0155\u0148a: odstr\u00e1nenie zubn\u00e9ho kame\u0148a ultrazvukom<\/p>\n","protected":false},"author":1,"featured_media":0,"parent":0,"menu_order":0,"comment_status":"closed","ping_status":"closed","template":"","meta":{"footnotes":""},"class_list":["post-3134","page","type-page","status-publish","hentry"],"_links":{"self":[{"href":"https:\/\/www.eurodental.sk\/index.php?rest_route=\/wp\/v2\/pages\/3134","targetHints":{"allow":["GET"]}}],"collection":[{"href":"https:\/\/www.eurodental.sk\/index.php?rest_route=\/wp\/v2\/pages"}],"about":[{"href":"https:\/\/www.eurodental.sk\/index.php?rest_route=\/wp\/v2\/types\/page"}],"author":[{"embeddable":true,"href":"https:\/\/www.eurodental.sk\/index.php?rest_route=\/wp\/v2\/users\/1"}],"replies":[{"embeddable":true,"href":"https:\/\/www.eurodental.sk\/index.php?rest_route=%2Fwp%2Fv2%2Fcomments&post=3134"}],"version-history":[{"count":16,"href":"https:\/\/www.eurodental.sk\/index.php?rest_route=\/wp\/v2\/pages\/3134\/revisions"}],"predecessor-version":[{"id":3496,"href":"https:\/\/www.eurodental.sk\/index.php?rest_route=\/wp\/v2\/pages\/3134\/revisions\/3496"}],"wp:attachment":[{"href":"https:\/\/www.eurodental.sk\/index.php?rest_route=%2Fwp%2Fv2%2Fmedia&parent=3134"}],"curies":[{"name":"wp","href":"https:\/\/api.w.org\/{rel}","templated":true}]}}